{"id":130823,"date":"2024-04-06T10:19:59","date_gmt":"2024-04-06T15:19:59","guid":{"rendered":"https:\/\/prediacsas.com\/?post_type=product&#038;p=130823"},"modified":"2024-04-06T11:03:18","modified_gmt":"2024-04-06T16:03:18","slug":"topellantas-triangular","status":"publish","type":"product","link":"https:\/\/prediacsas.com\/index.php\/product\/topellantas-triangular\/","title":{"rendered":"TOPELLANTAS TRIANGULAR"},"content":{"rendered":"","protected":false},"excerpt":{"rendered":"<p>Optimiza la seguridad vial con nuestro tope de llanta triangular en concreto reforzado con hierro. Con dimensiones de 40 x 13 x 11 cm, este elemento proporciona una soluci\u00f3n duradera y efectiva para el control del tr\u00e1fico. A\u00f1ade una capa adicional de protecci\u00f3n a tus espacios con este dise\u00f1o resistente y funcional.<\/p>\n","protected":false},"featured_media":130832,"comment_status":"open","ping_status":"closed","template":"","meta":[],"product_brand":[],"product_cat":[26],"product_tag":[],"class_list":{"0":"post-130823","1":"product","2":"type-product","3":"status-publish","4":"has-post-thumbnail","6":"product_cat-urbanismo","8":"first","9":"instock","10":"shipping-taxable","11":"product-type-simple"},"_links":{"self":[{"href":"https:\/\/prediacsas.com\/index.php\/wp-json\/wp\/v2\/product\/130823","targetHints":{"allow":["GET"]}}],"collection":[{"href":"https:\/\/prediacsas.com\/index.php\/wp-json\/wp\/v2\/product"}],"about":[{"href":"https:\/\/prediacsas.com\/index.php\/wp-json\/wp\/v2\/types\/product"}],"replies":[{"embeddable":true,"href":"https:\/\/prediacsas.com\/index.php\/wp-json\/wp\/v2\/comments?post=130823"}],"wp:featuredmedia":[{"embeddable":true,"href":"https:\/\/prediacsas.com\/index.php\/wp-json\/wp\/v2\/media\/130832"}],"wp:attachment":[{"href":"https:\/\/prediacsas.com\/index.php\/wp-json\/wp\/v2\/media?parent=130823"}],"wp:term":[{"taxonomy":"product_brand","embeddable":true,"href":"https:\/\/prediacsas.com\/index.php\/wp-json\/wp\/v2\/product_brand?post=130823"},{"taxonomy":"product_cat","embeddable":true,"href":"https:\/\/prediacsas.com\/index.php\/wp-json\/wp\/v2\/product_cat?post=130823"},{"taxonomy":"product_tag","embeddable":true,"href":"https:\/\/prediacsas.com\/index.php\/wp-json\/wp\/v2\/product_tag?post=130823"}],"curies":[{"name":"wp","href":"https:\/\/api.w.org\/{rel}","templated":true}]}}