{"id":130840,"date":"2024-04-06T14:10:24","date_gmt":"2024-04-06T19:10:24","guid":{"rendered":"https:\/\/prediacsas.com\/?post_type=product&#038;p=130840"},"modified":"2024-04-06T14:10:24","modified_gmt":"2024-04-06T19:10:24","slug":"pared-concreto-lisa","status":"publish","type":"product","link":"https:\/\/prediacsas.com\/index.php\/product\/pared-concreto-lisa\/","title":{"rendered":"PARED CONCRETO LISA"},"content":{"rendered":"","protected":false},"excerpt":{"rendered":"<p>Transforma tus espacios con nuestro revestimiento en placas de concreto de alta calidad. Dise\u00f1ado seg\u00fan tus requerimientos, este revestimiento ofrece versatilidad y durabilidad para realzar cualquier proyecto de dise\u00f1o interior o exterior.<\/p>\n","protected":false},"featured_media":130852,"comment_status":"open","ping_status":"closed","template":"","meta":[],"product_brand":[],"product_cat":[25],"product_tag":[],"class_list":{"0":"post-130840","1":"product","2":"type-product","3":"status-publish","4":"has-post-thumbnail","6":"product_cat-revestimientos","8":"first","9":"instock","10":"shipping-taxable","11":"product-type-simple"},"_links":{"self":[{"href":"https:\/\/prediacsas.com\/index.php\/wp-json\/wp\/v2\/product\/130840","targetHints":{"allow":["GET"]}}],"collection":[{"href":"https:\/\/prediacsas.com\/index.php\/wp-json\/wp\/v2\/product"}],"about":[{"href":"https:\/\/prediacsas.com\/index.php\/wp-json\/wp\/v2\/types\/product"}],"replies":[{"embeddable":true,"href":"https:\/\/prediacsas.com\/index.php\/wp-json\/wp\/v2\/comments?post=130840"}],"wp:featuredmedia":[{"embeddable":true,"href":"https:\/\/prediacsas.com\/index.php\/wp-json\/wp\/v2\/media\/130852"}],"wp:attachment":[{"href":"https:\/\/prediacsas.com\/index.php\/wp-json\/wp\/v2\/media?parent=130840"}],"wp:term":[{"taxonomy":"product_brand","embeddable":true,"href":"https:\/\/prediacsas.com\/index.php\/wp-json\/wp\/v2\/product_brand?post=130840"},{"taxonomy":"product_cat","embeddable":true,"href":"https:\/\/prediacsas.com\/index.php\/wp-json\/wp\/v2\/product_cat?post=130840"},{"taxonomy":"product_tag","embeddable":true,"href":"https:\/\/prediacsas.com\/index.php\/wp-json\/wp\/v2\/product_tag?post=130840"}],"curies":[{"name":"wp","href":"https:\/\/api.w.org\/{rel}","templated":true}]}}