{"id":130926,"date":"2024-04-14T13:48:11","date_gmt":"2024-04-14T18:48:11","guid":{"rendered":"https:\/\/prediacsas.com\/?post_type=product&#038;p=130926"},"modified":"2024-04-14T13:48:11","modified_gmt":"2024-04-14T18:48:11","slug":"macetas-mini","status":"publish","type":"product","link":"https:\/\/prediacsas.com\/index.php\/product\/macetas-mini\/","title":{"rendered":"MACETAS MINI"},"content":{"rendered":"","protected":false},"excerpt":{"rendered":"<p>Embellece tus espacios con nuestras poteras mini de 0,05 x 0,10 metros, perfectas para a\u00f1adir un toque de verde en \u00e1reas reducidas o para decorar interiores con plantas peque\u00f1as. Su dise\u00f1o compacto las hace vers\u00e1tiles y adecuadas para cualquier rinc\u00f3n.<\/p>\n","protected":false},"featured_media":130948,"comment_status":"open","ping_status":"closed","template":"","meta":[],"product_brand":[],"product_cat":[23],"product_tag":[],"class_list":{"0":"post-130926","1":"product","2":"type-product","3":"status-publish","4":"has-post-thumbnail","6":"product_cat-macetas","8":"first","9":"instock","10":"shipping-taxable","11":"product-type-simple"},"_links":{"self":[{"href":"https:\/\/prediacsas.com\/index.php\/wp-json\/wp\/v2\/product\/130926","targetHints":{"allow":["GET"]}}],"collection":[{"href":"https:\/\/prediacsas.com\/index.php\/wp-json\/wp\/v2\/product"}],"about":[{"href":"https:\/\/prediacsas.com\/index.php\/wp-json\/wp\/v2\/types\/product"}],"replies":[{"embeddable":true,"href":"https:\/\/prediacsas.com\/index.php\/wp-json\/wp\/v2\/comments?post=130926"}],"wp:featuredmedia":[{"embeddable":true,"href":"https:\/\/prediacsas.com\/index.php\/wp-json\/wp\/v2\/media\/130948"}],"wp:attachment":[{"href":"https:\/\/prediacsas.com\/index.php\/wp-json\/wp\/v2\/media?parent=130926"}],"wp:term":[{"taxonomy":"product_brand","embeddable":true,"href":"https:\/\/prediacsas.com\/index.php\/wp-json\/wp\/v2\/product_brand?post=130926"},{"taxonomy":"product_cat","embeddable":true,"href":"https:\/\/prediacsas.com\/index.php\/wp-json\/wp\/v2\/product_cat?post=130926"},{"taxonomy":"product_tag","embeddable":true,"href":"https:\/\/prediacsas.com\/index.php\/wp-json\/wp\/v2\/product_tag?post=130926"}],"curies":[{"name":"wp","href":"https:\/\/api.w.org\/{rel}","templated":true}]}}